{"id":259775,"date":"2026-04-08T05:08:01","date_gmt":"2026-04-08T05:08:01","guid":{"rendered":"https:\/\/destination-camargue.fr\/a-voir-a-faire\/agenda\/grand-spectacle-provencal-de-la-fete-des-gardians\/"},"modified":"2026-04-08T05:08:01","modified_gmt":"2026-04-08T05:08:01","slug":"grand-spectacle-provencal-de-la-fete-des-gardians","status":"publish","type":"evenement","link":"https:\/\/destination-camargue.fr\/en\/a-voir-a-faire\/agenda\/grand-spectacle-provencal-de-la-fete-des-gardians\/","title":{"rendered":"Grand spectacle proven\u00e7al de la F\u00eate des gardians"},"content":{"rendered":"<p>Rendezvous at 9 am on the Boulevard des Lices for the gathering of the gardians and Arl\u00e9siennes in traditional costume.<br \/>\nHead to the Place du Forum in front of the statue of the Proven\u00e7al poet, Fr\u00e9d\u00e9ric Mistral, to pay tribute to him.<br \/>\nContinue to Notre Dame de la Major, where a mass in Proven\u00e7al is celebrated, followed by the blessing of the horses on the church square.<br \/>\nAt noon the crowd invades the Place de la R\u00e9publique to attend the presentation of the blessed bread to the city authorities.<\/p>\n<p>The day is far from over. At 3.30 pm the gardians and the public meet at the arena for a great Proven\u00e7al show, the gardians&#8217; games. The riders and their mounts compete with daring and dexterity throughout the afternoon.<\/p>\n","protected":false},"excerpt":{"rendered":"<p>Every year on May 1, the gardians celebrate Saint Georges, the patron saint of horsemen. After the morning parade and the blessing of the riders and their mounts, it&#8217;s time for the show in the arena!<\/p>\n","protected":false},"featured_media":0,"template":"","label":[],"type_poi":[],"ville":[16],"class_list":["post-259775","evenement","type-evenement","status-publish","hentry","ville-arles"],"acf":[],"yoast_head":"<!-- This site is optimized with the Yoast SEO plugin v26.6 - https:\/\/yoast.com\/wordpress\/plugins\/seo\/ -->\n<title>Grand spectacle proven\u00e7al de la F\u00eate des gardians - Destination Camargue<\/title>\n<meta name=\"robots\" content=\"index, follow, max-snippet:-1, max-image-preview:large, max-video-preview:-1\" \/>\n<link rel=\"canonical\" href=\"https:\/\/destination-camargue.fr\/en\/a-voir-a-faire\/agenda\/grand-spectacle-provencal-de-la-fete-des-gardians\/\" \/>\n<meta property=\"og:locale\" content=\"en_US\" \/>\n<meta property=\"og:type\" content=\"article\" \/>\n<meta property=\"og:title\" content=\"Grand spectacle proven\u00e7al de la F\u00eate des gardians - Destination Camargue\" \/>\n<meta property=\"og:description\" content=\"Every year on May 1, the gardians celebrate Saint Georges, the patron saint of horsemen. After the morning parade and the blessing of the riders and their mounts, it&#039;s time for the show in the arena!\" \/>\n<meta property=\"og:url\" content=\"https:\/\/destination-camargue.fr\/en\/a-voir-a-faire\/agenda\/grand-spectacle-provencal-de-la-fete-des-gardians\/\" \/>\n<meta property=\"og:site_name\" content=\"Destination Camargue\" \/>\n<meta name=\"twitter:card\" content=\"summary_large_image\" \/>\n<meta name=\"twitter:label1\" content=\"Est. reading time\" \/>\n\t<meta name=\"twitter:data1\" content=\"1 minute\" \/>\n<script type=\"application\/ld+json\" class=\"yoast-schema-graph\">{\"@context\":\"https:\/\/schema.org\",\"@graph\":[{\"@type\":\"WebPage\",\"@id\":\"https:\/\/destination-camargue.fr\/en\/a-voir-a-faire\/agenda\/grand-spectacle-provencal-de-la-fete-des-gardians\/\",\"url\":\"https:\/\/destination-camargue.fr\/en\/a-voir-a-faire\/agenda\/grand-spectacle-provencal-de-la-fete-des-gardians\/\",\"name\":\"Grand spectacle proven\u00e7al de la F\u00eate des gardians - Destination Camargue\",\"isPartOf\":{\"@id\":\"https:\/\/destination-camargue.fr\/en\/#website\"},\"datePublished\":\"2026-04-08T05:08:01+00:00\",\"breadcrumb\":{\"@id\":\"https:\/\/destination-camargue.fr\/en\/a-voir-a-faire\/agenda\/grand-spectacle-provencal-de-la-fete-des-gardians\/#breadcrumb\"},\"inLanguage\":\"en-US\",\"potentialAction\":[{\"@type\":\"ReadAction\",\"target\":[\"https:\/\/destination-camargue.fr\/en\/a-voir-a-faire\/agenda\/grand-spectacle-provencal-de-la-fete-des-gardians\/\"]}]},{\"@type\":\"BreadcrumbList\",\"@id\":\"https:\/\/destination-camargue.fr\/en\/a-voir-a-faire\/agenda\/grand-spectacle-provencal-de-la-fete-des-gardians\/#breadcrumb\",\"itemListElement\":[{\"@type\":\"ListItem\",\"position\":1,\"name\":\"Home\",\"item\":\"https:\/\/destination-camargue.fr\/en\/\"},{\"@type\":\"ListItem\",\"position\":2,\"name\":\"\u00c9v\u00e9nements\",\"item\":\"https:\/\/destination-camargue.fr\/en\/a-voir-a-faire\/agenda\/\"},{\"@type\":\"ListItem\",\"position\":3,\"name\":\"Grand spectacle proven\u00e7al de la F\u00eate des gardians\"}]},{\"@type\":\"WebSite\",\"@id\":\"https:\/\/destination-camargue.fr\/en\/#website\",\"url\":\"https:\/\/destination-camargue.fr\/en\/\",\"name\":\"Destination Camargue\",\"description\":\"La Camargue, naturellement humaine\",\"potentialAction\":[{\"@type\":\"SearchAction\",\"target\":{\"@type\":\"EntryPoint\",\"urlTemplate\":\"https:\/\/destination-camargue.fr\/en\/?s={search_term_string}\"},\"query-input\":{\"@type\":\"PropertyValueSpecification\",\"valueRequired\":true,\"valueName\":\"search_term_string\"}}],\"inLanguage\":\"en-US\"}]}<\/script>\n<!-- \/ Yoast SEO plugin. -->","yoast_head_json":{"title":"Grand spectacle proven\u00e7al de la F\u00eate des gardians - Destination Camargue","robots":{"index":"index","follow":"follow","max-snippet":"max-snippet:-1","max-image-preview":"max-image-preview:large","max-video-preview":"max-video-preview:-1"},"canonical":"https:\/\/destination-camargue.fr\/en\/a-voir-a-faire\/agenda\/grand-spectacle-provencal-de-la-fete-des-gardians\/","og_locale":"en_US","og_type":"article","og_title":"Grand spectacle proven\u00e7al de la F\u00eate des gardians - Destination Camargue","og_description":"Every year on May 1, the gardians celebrate Saint Georges, the patron saint of horsemen. After the morning parade and the blessing of the riders and their mounts, it's time for the show in the arena!","og_url":"https:\/\/destination-camargue.fr\/en\/a-voir-a-faire\/agenda\/grand-spectacle-provencal-de-la-fete-des-gardians\/","og_site_name":"Destination Camargue","twitter_card":"summary_large_image","twitter_misc":{"Est. reading time":"1 minute"},"schema":{"@context":"https:\/\/schema.org","@graph":[{"@type":"WebPage","@id":"https:\/\/destination-camargue.fr\/en\/a-voir-a-faire\/agenda\/grand-spectacle-provencal-de-la-fete-des-gardians\/","url":"https:\/\/destination-camargue.fr\/en\/a-voir-a-faire\/agenda\/grand-spectacle-provencal-de-la-fete-des-gardians\/","name":"Grand spectacle proven\u00e7al de la F\u00eate des gardians - Destination Camargue","isPartOf":{"@id":"https:\/\/destination-camargue.fr\/en\/#website"},"datePublished":"2026-04-08T05:08:01+00:00","breadcrumb":{"@id":"https:\/\/destination-camargue.fr\/en\/a-voir-a-faire\/agenda\/grand-spectacle-provencal-de-la-fete-des-gardians\/#breadcrumb"},"inLanguage":"en-US","potentialAction":[{"@type":"ReadAction","target":["https:\/\/destination-camargue.fr\/en\/a-voir-a-faire\/agenda\/grand-spectacle-provencal-de-la-fete-des-gardians\/"]}]},{"@type":"BreadcrumbList","@id":"https:\/\/destination-camargue.fr\/en\/a-voir-a-faire\/agenda\/grand-spectacle-provencal-de-la-fete-des-gardians\/#breadcrumb","itemListElement":[{"@type":"ListItem","position":1,"name":"Home","item":"https:\/\/destination-camargue.fr\/en\/"},{"@type":"ListItem","position":2,"name":"\u00c9v\u00e9nements","item":"https:\/\/destination-camargue.fr\/en\/a-voir-a-faire\/agenda\/"},{"@type":"ListItem","position":3,"name":"Grand spectacle proven\u00e7al de la F\u00eate des gardians"}]},{"@type":"WebSite","@id":"https:\/\/destination-camargue.fr\/en\/#website","url":"https:\/\/destination-camargue.fr\/en\/","name":"Destination Camargue","description":"La Camargue, naturellement humaine","potentialAction":[{"@type":"SearchAction","target":{"@type":"EntryPoint","urlTemplate":"https:\/\/destination-camargue.fr\/en\/?s={search_term_string}"},"query-input":{"@type":"PropertyValueSpecification","valueRequired":true,"valueName":"search_term_string"}}],"inLanguage":"en-US"}]}},"_links":{"self":[{"href":"https:\/\/destination-camargue.fr\/en\/wp-json\/wp\/v2\/evenement\/259775","targetHints":{"allow":["GET"]}}],"collection":[{"href":"https:\/\/destination-camargue.fr\/en\/wp-json\/wp\/v2\/evenement"}],"about":[{"href":"https:\/\/destination-camargue.fr\/en\/wp-json\/wp\/v2\/types\/evenement"}],"wp:attachment":[{"href":"https:\/\/destination-camargue.fr\/en\/wp-json\/wp\/v2\/media?parent=259775"}],"wp:term":[{"taxonomy":"label","embeddable":true,"href":"https:\/\/destination-camargue.fr\/en\/wp-json\/wp\/v2\/label?post=259775"},{"taxonomy":"type_poi","embeddable":true,"href":"https:\/\/destination-camargue.fr\/en\/wp-json\/wp\/v2\/type_poi?post=259775"},{"taxonomy":"ville","embeddable":true,"href":"https:\/\/destination-camargue.fr\/en\/wp-json\/wp\/v2\/ville?post=259775"}],"curies":[{"name":"wp","href":"https:\/\/api.w.org\/{rel}","templated":true}]}}

Grand spectacle provençal de la Fête des gardians

<p>Rendezvous at 9 am on the Boulevard des Lices for the gathering of the gardians and Arlésiennes in traditional costume.<br />
Head to the Place du Forum in front of the statue of the Provençal poet, Frédéric Mistral, to pay tribute to him.<br />
Continue to Notre Dame de la Major, where a mass in Provençal is celebrated, followed by the blessing of the horses on the church square.<br />
At noon the crowd invades the Place de la République to attend the presentation of the blessed bread to the city authorities.</p>
<p>The day is far from over. At 3.30 pm the gardians and the public meet at the arena for a great Provençal show, the gardians&#8217; games. The riders and their mounts compete with daring and dexterity throughout the afternoon.</p>

<!-- This site is optimized with the Yoast SEO plugin v26.6 - https://yoast.com/wordpress/plugins/seo/ -->
<title>Grand spectacle provençal de la Fête des gardians - Destination Camargue</title>
<meta name="robots" content="index, follow, max-snippet:-1, max-image-preview:large, max-video-preview:-1" />
<link rel="canonical" href="https://destination-camargue.fr/en/a-voir-a-faire/agenda/grand-spectacle-provencal-de-la-fete-des-gardians/" />
<meta property="og:locale" content="en_US" />
<meta property="og:type" content="article" />
<meta property="og:title" content="Grand spectacle provençal de la Fête des gardians - Destination Camargue" />
<meta property="og:description" content="Every year on May 1, the gardians celebrate Saint Georges, the patron saint of horsemen. After the morning parade and the blessing of the riders and their mounts, it&#039;s time for the show in the arena!" />
<meta property="og:url" content="https://destination-camargue.fr/en/a-voir-a-faire/agenda/grand-spectacle-provencal-de-la-fete-des-gardians/" />
<meta property="og:site_name" content="Destination Camargue" />
<meta name="twitter:card" content="summary_large_image" />
<meta name="twitter:label1" content="Est. reading time" />
	<meta name="twitter:data1" content="1 minute" />
<script type="application/ld+json" class="yoast-schema-graph">{"@context":"https://schema.org","@graph":[{"@type":"WebPage","@id":"https://destination-camargue.fr/en/a-voir-a-faire/agenda/grand-spectacle-provencal-de-la-fete-des-gardians/","url":"https://destination-camargue.fr/en/a-voir-a-faire/agenda/grand-spectacle-provencal-de-la-fete-des-gardians/","name":"Grand spectacle provençal de la Fête des gardians - Destination Camargue","isPartOf":{"@id":"https://destination-camargue.fr/en/#website"},"datePublished":"2026-04-08T05:08:01+00:00","breadcrumb":{"@id":"https://destination-camargue.fr/en/a-voir-a-faire/agenda/grand-spectacle-provencal-de-la-fete-des-gardians/#breadcrumb"},"inLanguage":"en-US","potentialAction":[{"@type":"ReadAction","target":["https://destination-camargue.fr/en/a-voir-a-faire/agenda/grand-spectacle-provencal-de-la-fete-des-gardians/"]}]},{"@type":"BreadcrumbList","@id":"https://destination-camargue.fr/en/a-voir-a-faire/agenda/grand-spectacle-provencal-de-la-fete-des-gardians/#breadcrumb","itemListElement":[{"@type":"ListItem","position":1,"name":"Home","item":"https://destination-camargue.fr/en/"},{"@type":"ListItem","position":2,"name":"Événements","item":"https://destination-camargue.fr/en/a-voir-a-faire/agenda/"},{"@type":"ListItem","position":3,"name":"Grand spectacle provençal de la Fête des gardians"}]},{"@type":"WebSite","@id":"https://destination-camargue.fr/en/#website","url":"https://destination-camargue.fr/en/","name":"Destination Camargue","description":"La Camargue, naturellement humaine","potentialAction":[{"@type":"SearchAction","target":{"@type":"EntryPoint","urlTemplate":"https://destination-camargue.fr/en/?s={search_term_string}"},"query-input":{"@type":"PropertyValueSpecification","valueRequired":true,"valueName":"search_term_string"}}],"inLanguage":"en-US"}]}</script>
<!-- / Yoast SEO plugin. -->

Grand spectacle provençal de la Fête des gardians - Destination Camargue

Événements
