{"id":259368,"date":"2026-03-28T05:11:07","date_gmt":"2026-03-28T05:11:07","guid":{"rendered":"https:\/\/destination-camargue.fr\/a-voir-a-faire\/agenda\/journees-europeennes-de-larcheologie\/"},"modified":"2026-03-28T05:11:07","modified_gmt":"2026-03-28T05:11:07","slug":"journees-europeennes-de-larcheologie","status":"publish","type":"evenement","link":"https:\/\/destination-camargue.fr\/en\/a-voir-a-faire\/agenda\/journees-europeennes-de-larcheologie\/","title":{"rendered":"Journ\u00e9es europ\u00e9ennes de l&#8217;arch\u00e9ologie"},"content":{"rendered":"<p>Dans les collections, venez d\u00e9couvrir ou approfondir vos connaissances sur les m\u00e9tiers li\u00e9s \u00e0 l\u2019arch\u00e9ologie.<\/p>\n","protected":false},"excerpt":{"rendered":"<p>Pour ces deux journ\u00e9es d\u00e9di\u00e9es \u00e0 l\u2019arch\u00e9ologie, le mus\u00e9e est enti\u00e8rement gratuit.<\/p>\n","protected":false},"featured_media":0,"template":"","label":[],"type_poi":[],"ville":[16],"class_list":["post-259368","evenement","type-evenement","status-publish","hentry","ville-arles"],"acf":[],"yoast_head":"<!-- This site is optimized with the Yoast SEO plugin v26.6 - https:\/\/yoast.com\/wordpress\/plugins\/seo\/ -->\n<title>Journ\u00e9es europ\u00e9ennes de l&#039;arch\u00e9ologie - Destination Camargue<\/title>\n<meta name=\"robots\" content=\"index, follow, max-snippet:-1, max-image-preview:large, max-video-preview:-1\" \/>\n<link rel=\"canonical\" href=\"https:\/\/destination-camargue.fr\/en\/a-voir-a-faire\/agenda\/journees-europeennes-de-larcheologie\/\" \/>\n<meta property=\"og:locale\" content=\"en_US\" \/>\n<meta property=\"og:type\" content=\"article\" \/>\n<meta property=\"og:title\" content=\"Journ\u00e9es europ\u00e9ennes de l&#039;arch\u00e9ologie - Destination Camargue\" \/>\n<meta property=\"og:description\" content=\"Pour ces deux journ\u00e9es d\u00e9di\u00e9es \u00e0 l\u2019arch\u00e9ologie, le mus\u00e9e est enti\u00e8rement gratuit.\" \/>\n<meta property=\"og:url\" content=\"https:\/\/destination-camargue.fr\/en\/a-voir-a-faire\/agenda\/journees-europeennes-de-larcheologie\/\" \/>\n<meta property=\"og:site_name\" content=\"Destination Camargue\" \/>\n<meta name=\"twitter:card\" content=\"summary_large_image\" \/>\n<script type=\"application\/ld+json\" class=\"yoast-schema-graph\">{\"@context\":\"https:\/\/schema.org\",\"@graph\":[{\"@type\":\"WebPage\",\"@id\":\"https:\/\/destination-camargue.fr\/en\/a-voir-a-faire\/agenda\/journees-europeennes-de-larcheologie\/\",\"url\":\"https:\/\/destination-camargue.fr\/en\/a-voir-a-faire\/agenda\/journees-europeennes-de-larcheologie\/\",\"name\":\"Journ\u00e9es europ\u00e9ennes de l'arch\u00e9ologie - Destination Camargue\",\"isPartOf\":{\"@id\":\"https:\/\/destination-camargue.fr\/en\/#website\"},\"datePublished\":\"2026-03-28T05:11:07+00:00\",\"breadcrumb\":{\"@id\":\"https:\/\/destination-camargue.fr\/en\/a-voir-a-faire\/agenda\/journees-europeennes-de-larcheologie\/#breadcrumb\"},\"inLanguage\":\"en-US\",\"potentialAction\":[{\"@type\":\"ReadAction\",\"target\":[\"https:\/\/destination-camargue.fr\/en\/a-voir-a-faire\/agenda\/journees-europeennes-de-larcheologie\/\"]}]},{\"@type\":\"BreadcrumbList\",\"@id\":\"https:\/\/destination-camargue.fr\/en\/a-voir-a-faire\/agenda\/journees-europeennes-de-larcheologie\/#breadcrumb\",\"itemListElement\":[{\"@type\":\"ListItem\",\"position\":1,\"name\":\"Home\",\"item\":\"https:\/\/destination-camargue.fr\/en\/\"},{\"@type\":\"ListItem\",\"position\":2,\"name\":\"\u00c9v\u00e9nements\",\"item\":\"https:\/\/destination-camargue.fr\/en\/a-voir-a-faire\/agenda\/\"},{\"@type\":\"ListItem\",\"position\":3,\"name\":\"Journ\u00e9es europ\u00e9ennes de l&rsquo;arch\u00e9ologie\"}]},{\"@type\":\"WebSite\",\"@id\":\"https:\/\/destination-camargue.fr\/en\/#website\",\"url\":\"https:\/\/destination-camargue.fr\/en\/\",\"name\":\"Destination Camargue\",\"description\":\"La Camargue, naturellement humaine\",\"potentialAction\":[{\"@type\":\"SearchAction\",\"target\":{\"@type\":\"EntryPoint\",\"urlTemplate\":\"https:\/\/destination-camargue.fr\/en\/?s={search_term_string}\"},\"query-input\":{\"@type\":\"PropertyValueSpecification\",\"valueRequired\":true,\"valueName\":\"search_term_string\"}}],\"inLanguage\":\"en-US\"}]}<\/script>\n<!-- \/ Yoast SEO plugin. -->","yoast_head_json":{"title":"Journ\u00e9es europ\u00e9ennes de l'arch\u00e9ologie - Destination Camargue","robots":{"index":"index","follow":"follow","max-snippet":"max-snippet:-1","max-image-preview":"max-image-preview:large","max-video-preview":"max-video-preview:-1"},"canonical":"https:\/\/destination-camargue.fr\/en\/a-voir-a-faire\/agenda\/journees-europeennes-de-larcheologie\/","og_locale":"en_US","og_type":"article","og_title":"Journ\u00e9es europ\u00e9ennes de l'arch\u00e9ologie - Destination Camargue","og_description":"Pour ces deux journ\u00e9es d\u00e9di\u00e9es \u00e0 l\u2019arch\u00e9ologie, le mus\u00e9e est enti\u00e8rement gratuit.","og_url":"https:\/\/destination-camargue.fr\/en\/a-voir-a-faire\/agenda\/journees-europeennes-de-larcheologie\/","og_site_name":"Destination Camargue","twitter_card":"summary_large_image","schema":{"@context":"https:\/\/schema.org","@graph":[{"@type":"WebPage","@id":"https:\/\/destination-camargue.fr\/en\/a-voir-a-faire\/agenda\/journees-europeennes-de-larcheologie\/","url":"https:\/\/destination-camargue.fr\/en\/a-voir-a-faire\/agenda\/journees-europeennes-de-larcheologie\/","name":"Journ\u00e9es europ\u00e9ennes de l'arch\u00e9ologie - Destination Camargue","isPartOf":{"@id":"https:\/\/destination-camargue.fr\/en\/#website"},"datePublished":"2026-03-28T05:11:07+00:00","breadcrumb":{"@id":"https:\/\/destination-camargue.fr\/en\/a-voir-a-faire\/agenda\/journees-europeennes-de-larcheologie\/#breadcrumb"},"inLanguage":"en-US","potentialAction":[{"@type":"ReadAction","target":["https:\/\/destination-camargue.fr\/en\/a-voir-a-faire\/agenda\/journees-europeennes-de-larcheologie\/"]}]},{"@type":"BreadcrumbList","@id":"https:\/\/destination-camargue.fr\/en\/a-voir-a-faire\/agenda\/journees-europeennes-de-larcheologie\/#breadcrumb","itemListElement":[{"@type":"ListItem","position":1,"name":"Home","item":"https:\/\/destination-camargue.fr\/en\/"},{"@type":"ListItem","position":2,"name":"\u00c9v\u00e9nements","item":"https:\/\/destination-camargue.fr\/en\/a-voir-a-faire\/agenda\/"},{"@type":"ListItem","position":3,"name":"Journ\u00e9es europ\u00e9ennes de l&rsquo;arch\u00e9ologie"}]},{"@type":"WebSite","@id":"https:\/\/destination-camargue.fr\/en\/#website","url":"https:\/\/destination-camargue.fr\/en\/","name":"Destination Camargue","description":"La Camargue, naturellement humaine","potentialAction":[{"@type":"SearchAction","target":{"@type":"EntryPoint","urlTemplate":"https:\/\/destination-camargue.fr\/en\/?s={search_term_string}"},"query-input":{"@type":"PropertyValueSpecification","valueRequired":true,"valueName":"search_term_string"}}],"inLanguage":"en-US"}]}},"_links":{"self":[{"href":"https:\/\/destination-camargue.fr\/en\/wp-json\/wp\/v2\/evenement\/259368","targetHints":{"allow":["GET"]}}],"collection":[{"href":"https:\/\/destination-camargue.fr\/en\/wp-json\/wp\/v2\/evenement"}],"about":[{"href":"https:\/\/destination-camargue.fr\/en\/wp-json\/wp\/v2\/types\/evenement"}],"wp:attachment":[{"href":"https:\/\/destination-camargue.fr\/en\/wp-json\/wp\/v2\/media?parent=259368"}],"wp:term":[{"taxonomy":"label","embeddable":true,"href":"https:\/\/destination-camargue.fr\/en\/wp-json\/wp\/v2\/label?post=259368"},{"taxonomy":"type_poi","embeddable":true,"href":"https:\/\/destination-camargue.fr\/en\/wp-json\/wp\/v2\/type_poi?post=259368"},{"taxonomy":"ville","embeddable":true,"href":"https:\/\/destination-camargue.fr\/en\/wp-json\/wp\/v2\/ville?post=259368"}],"curies":[{"name":"wp","href":"https:\/\/api.w.org\/{rel}","templated":true}]}}

Journées européennes de l&#8217;archéologie

<p>Dans les collections, venez découvrir ou approfondir vos connaissances sur les métiers liés à l’archéologie.</p>

<p>Pour ces deux journées dédiées à l’archéologie, le musée est entièrement gratuit.</p>

<!-- This site is optimized with the Yoast SEO plugin v26.6 - https://yoast.com/wordpress/plugins/seo/ -->
<title>Journées européennes de l&#039;archéologie - Destination Camargue</title>
<meta name="robots" content="index, follow, max-snippet:-1, max-image-preview:large, max-video-preview:-1" />
<link rel="canonical" href="https://destination-camargue.fr/en/a-voir-a-faire/agenda/journees-europeennes-de-larcheologie/" />
<meta property="og:locale" content="en_US" />
<meta property="og:type" content="article" />
<meta property="og:title" content="Journées européennes de l&#039;archéologie - Destination Camargue" />
<meta property="og:description" content="Pour ces deux journées dédiées à l’archéologie, le musée est entièrement gratuit." />
<meta property="og:url" content="https://destination-camargue.fr/en/a-voir-a-faire/agenda/journees-europeennes-de-larcheologie/" />
<meta property="og:site_name" content="Destination Camargue" />
<meta name="twitter:card" content="summary_large_image" />
<script type="application/ld+json" class="yoast-schema-graph">{"@context":"https://schema.org","@graph":[{"@type":"WebPage","@id":"https://destination-camargue.fr/en/a-voir-a-faire/agenda/journees-europeennes-de-larcheologie/","url":"https://destination-camargue.fr/en/a-voir-a-faire/agenda/journees-europeennes-de-larcheologie/","name":"Journées européennes de l'archéologie - Destination Camargue","isPartOf":{"@id":"https://destination-camargue.fr/en/#website"},"datePublished":"2026-03-28T05:11:07+00:00","breadcrumb":{"@id":"https://destination-camargue.fr/en/a-voir-a-faire/agenda/journees-europeennes-de-larcheologie/#breadcrumb"},"inLanguage":"en-US","potentialAction":[{"@type":"ReadAction","target":["https://destination-camargue.fr/en/a-voir-a-faire/agenda/journees-europeennes-de-larcheologie/"]}]},{"@type":"BreadcrumbList","@id":"https://destination-camargue.fr/en/a-voir-a-faire/agenda/journees-europeennes-de-larcheologie/#breadcrumb","itemListElement":[{"@type":"ListItem","position":1,"name":"Home","item":"https://destination-camargue.fr/en/"},{"@type":"ListItem","position":2,"name":"Événements","item":"https://destination-camargue.fr/en/a-voir-a-faire/agenda/"},{"@type":"ListItem","position":3,"name":"Journées européennes de l&rsquo;archéologie"}]},{"@type":"WebSite","@id":"https://destination-camargue.fr/en/#website","url":"https://destination-camargue.fr/en/","name":"Destination Camargue","description":"La Camargue, naturellement humaine","potentialAction":[{"@type":"SearchAction","target":{"@type":"EntryPoint","urlTemplate":"https://destination-camargue.fr/en/?s={search_term_string}"},"query-input":{"@type":"PropertyValueSpecification","valueRequired":true,"valueName":"search_term_string"}}],"inLanguage":"en-US"}]}</script>
<!-- / Yoast SEO plugin. -->

Journées européennes de l'archéologie - Destination Camargue

Pour ces deux journées dédiées à l’archéologie, le musée est entièrement gratuit.

Événements

Journées européennes de l&rsquo;archéologie
