{"id":259213,"date":"2026-03-25T05:13:26","date_gmt":"2026-03-25T05:13:26","guid":{"rendered":"https:\/\/destination-camargue.fr\/a-voir-a-faire\/agenda\/ouragan-porteur-de-vie-ou-cataclysme-naturel\/"},"modified":"2026-03-25T05:13:26","modified_gmt":"2026-03-25T05:13:26","slug":"ouragan-porteur-de-vie-ou-cataclysme-naturel","status":"publish","type":"evenement","link":"https:\/\/destination-camargue.fr\/en\/a-voir-a-faire\/agenda\/ouragan-porteur-de-vie-ou-cataclysme-naturel\/","title":{"rendered":"Ouragan : porteur de vie ou cataclysme naturel ?"},"content":{"rendered":"<p>Les ouragans, ces vents puissants et fascinants, naissent dans des conditions naturelles exceptionnelles et fa\u00e7onnent notre plan\u00e8te. Pour mieux comprendre ces ph\u00e9nom\u00e8nes, une soir\u00e9e cin\u00e9-d\u00e9bat vous est propos\u00e9e avec la projection du documentaire \u00ab Ouragan, l\u2019Odyss\u00e9e d\u2019un Vent \u00bb, suivie d\u2019un \u00e9change avec Jacqueline Farmer, co-r\u00e9alisatrice, Emmanuelle Perrin, architecte et co-fondatrice de RAW, et d\u2019un membre de la d\u00e9l\u00e9gation Cubaine.<\/p>\n<p>Une immersion unique m\u00ealant cin\u00e9ma, science et r\u00e9flexion sur notre lien \u00e0 la nature, entre \u00e9merveillement et conscience des forces qui r\u00e9gissent notre environnement.<\/p>\n<p>La presse en parle :<br \/>\nLE FIGARO : \u00ab Ouragan se lib\u00e8re de tout engagement pour mieux permettre monstres et merveilles. \u00bb<\/p>\n<p>LE MONDE : \u00ab Cette ind\u00e9niable beaut\u00e9 est celle de la destruction m\u00eame, du grand souffle de l&#8217;apocalypse. \u00bb<\/p>\n<p>A NOUS PARIS : \u00ab Un voyage fascinant et in\u00e9dit au cour de l&#8217;\u0153il du cyclone. \u00bb<\/p>\n","protected":false},"excerpt":{"rendered":"<p>Une immersion unique m\u00ealant cin\u00e9ma, science et r\u00e9flexion sur notre lien \u00e0 la nature, entre \u00e9merveillement et conscience des forces qui r\u00e9gissent notre environnement.<\/p>\n","protected":false},"featured_media":0,"template":"","label":[],"type_poi":[],"ville":[],"class_list":["post-259213","evenement","type-evenement","status-publish","hentry"],"acf":[],"yoast_head":"<!-- This site is optimized with the Yoast SEO plugin v26.6 - https:\/\/yoast.com\/wordpress\/plugins\/seo\/ -->\n<title>Ouragan : porteur de vie ou cataclysme naturel ? - Destination Camargue<\/title>\n<meta name=\"robots\" content=\"index, follow, max-snippet:-1, max-image-preview:large, max-video-preview:-1\" \/>\n<link rel=\"canonical\" href=\"https:\/\/destination-camargue.fr\/en\/a-voir-a-faire\/agenda\/ouragan-porteur-de-vie-ou-cataclysme-naturel\/\" \/>\n<meta property=\"og:locale\" content=\"en_US\" \/>\n<meta property=\"og:type\" content=\"article\" \/>\n<meta property=\"og:title\" content=\"Ouragan : porteur de vie ou cataclysme naturel ? - Destination Camargue\" \/>\n<meta property=\"og:description\" content=\"Une immersion unique m\u00ealant cin\u00e9ma, science et r\u00e9flexion sur notre lien \u00e0 la nature, entre \u00e9merveillement et conscience des forces qui r\u00e9gissent notre environnement.\" \/>\n<meta property=\"og:url\" content=\"https:\/\/destination-camargue.fr\/en\/a-voir-a-faire\/agenda\/ouragan-porteur-de-vie-ou-cataclysme-naturel\/\" \/>\n<meta property=\"og:site_name\" content=\"Destination Camargue\" \/>\n<meta name=\"twitter:card\" content=\"summary_large_image\" \/>\n<meta name=\"twitter:label1\" content=\"Est. reading time\" \/>\n\t<meta name=\"twitter:data1\" content=\"1 minute\" \/>\n<script type=\"application\/ld+json\" class=\"yoast-schema-graph\">{\"@context\":\"https:\/\/schema.org\",\"@graph\":[{\"@type\":\"WebPage\",\"@id\":\"https:\/\/destination-camargue.fr\/en\/a-voir-a-faire\/agenda\/ouragan-porteur-de-vie-ou-cataclysme-naturel\/\",\"url\":\"https:\/\/destination-camargue.fr\/en\/a-voir-a-faire\/agenda\/ouragan-porteur-de-vie-ou-cataclysme-naturel\/\",\"name\":\"Ouragan : porteur de vie ou cataclysme naturel ? - Destination Camargue\",\"isPartOf\":{\"@id\":\"https:\/\/destination-camargue.fr\/en\/#website\"},\"datePublished\":\"2026-03-25T05:13:26+00:00\",\"breadcrumb\":{\"@id\":\"https:\/\/destination-camargue.fr\/en\/a-voir-a-faire\/agenda\/ouragan-porteur-de-vie-ou-cataclysme-naturel\/#breadcrumb\"},\"inLanguage\":\"en-US\",\"potentialAction\":[{\"@type\":\"ReadAction\",\"target\":[\"https:\/\/destination-camargue.fr\/en\/a-voir-a-faire\/agenda\/ouragan-porteur-de-vie-ou-cataclysme-naturel\/\"]}]},{\"@type\":\"BreadcrumbList\",\"@id\":\"https:\/\/destination-camargue.fr\/en\/a-voir-a-faire\/agenda\/ouragan-porteur-de-vie-ou-cataclysme-naturel\/#breadcrumb\",\"itemListElement\":[{\"@type\":\"ListItem\",\"position\":1,\"name\":\"Home\",\"item\":\"https:\/\/destination-camargue.fr\/en\/\"},{\"@type\":\"ListItem\",\"position\":2,\"name\":\"\u00c9v\u00e9nements\",\"item\":\"https:\/\/destination-camargue.fr\/en\/a-voir-a-faire\/agenda\/\"},{\"@type\":\"ListItem\",\"position\":3,\"name\":\"Ouragan : porteur de vie ou cataclysme naturel ?\"}]},{\"@type\":\"WebSite\",\"@id\":\"https:\/\/destination-camargue.fr\/en\/#website\",\"url\":\"https:\/\/destination-camargue.fr\/en\/\",\"name\":\"Destination Camargue\",\"description\":\"La Camargue, naturellement humaine\",\"potentialAction\":[{\"@type\":\"SearchAction\",\"target\":{\"@type\":\"EntryPoint\",\"urlTemplate\":\"https:\/\/destination-camargue.fr\/en\/?s={search_term_string}\"},\"query-input\":{\"@type\":\"PropertyValueSpecification\",\"valueRequired\":true,\"valueName\":\"search_term_string\"}}],\"inLanguage\":\"en-US\"}]}<\/script>\n<!-- \/ Yoast SEO plugin. -->","yoast_head_json":{"title":"Ouragan : porteur de vie ou cataclysme naturel ? - Destination Camargue","robots":{"index":"index","follow":"follow","max-snippet":"max-snippet:-1","max-image-preview":"max-image-preview:large","max-video-preview":"max-video-preview:-1"},"canonical":"https:\/\/destination-camargue.fr\/en\/a-voir-a-faire\/agenda\/ouragan-porteur-de-vie-ou-cataclysme-naturel\/","og_locale":"en_US","og_type":"article","og_title":"Ouragan : porteur de vie ou cataclysme naturel ? - Destination Camargue","og_description":"Une immersion unique m\u00ealant cin\u00e9ma, science et r\u00e9flexion sur notre lien \u00e0 la nature, entre \u00e9merveillement et conscience des forces qui r\u00e9gissent notre environnement.","og_url":"https:\/\/destination-camargue.fr\/en\/a-voir-a-faire\/agenda\/ouragan-porteur-de-vie-ou-cataclysme-naturel\/","og_site_name":"Destination Camargue","twitter_card":"summary_large_image","twitter_misc":{"Est. reading time":"1 minute"},"schema":{"@context":"https:\/\/schema.org","@graph":[{"@type":"WebPage","@id":"https:\/\/destination-camargue.fr\/en\/a-voir-a-faire\/agenda\/ouragan-porteur-de-vie-ou-cataclysme-naturel\/","url":"https:\/\/destination-camargue.fr\/en\/a-voir-a-faire\/agenda\/ouragan-porteur-de-vie-ou-cataclysme-naturel\/","name":"Ouragan : porteur de vie ou cataclysme naturel ? - Destination Camargue","isPartOf":{"@id":"https:\/\/destination-camargue.fr\/en\/#website"},"datePublished":"2026-03-25T05:13:26+00:00","breadcrumb":{"@id":"https:\/\/destination-camargue.fr\/en\/a-voir-a-faire\/agenda\/ouragan-porteur-de-vie-ou-cataclysme-naturel\/#breadcrumb"},"inLanguage":"en-US","potentialAction":[{"@type":"ReadAction","target":["https:\/\/destination-camargue.fr\/en\/a-voir-a-faire\/agenda\/ouragan-porteur-de-vie-ou-cataclysme-naturel\/"]}]},{"@type":"BreadcrumbList","@id":"https:\/\/destination-camargue.fr\/en\/a-voir-a-faire\/agenda\/ouragan-porteur-de-vie-ou-cataclysme-naturel\/#breadcrumb","itemListElement":[{"@type":"ListItem","position":1,"name":"Home","item":"https:\/\/destination-camargue.fr\/en\/"},{"@type":"ListItem","position":2,"name":"\u00c9v\u00e9nements","item":"https:\/\/destination-camargue.fr\/en\/a-voir-a-faire\/agenda\/"},{"@type":"ListItem","position":3,"name":"Ouragan : porteur de vie ou cataclysme naturel ?"}]},{"@type":"WebSite","@id":"https:\/\/destination-camargue.fr\/en\/#website","url":"https:\/\/destination-camargue.fr\/en\/","name":"Destination Camargue","description":"La Camargue, naturellement humaine","potentialAction":[{"@type":"SearchAction","target":{"@type":"EntryPoint","urlTemplate":"https:\/\/destination-camargue.fr\/en\/?s={search_term_string}"},"query-input":{"@type":"PropertyValueSpecification","valueRequired":true,"valueName":"search_term_string"}}],"inLanguage":"en-US"}]}},"_links":{"self":[{"href":"https:\/\/destination-camargue.fr\/en\/wp-json\/wp\/v2\/evenement\/259213","targetHints":{"allow":["GET"]}}],"collection":[{"href":"https:\/\/destination-camargue.fr\/en\/wp-json\/wp\/v2\/evenement"}],"about":[{"href":"https:\/\/destination-camargue.fr\/en\/wp-json\/wp\/v2\/types\/evenement"}],"wp:attachment":[{"href":"https:\/\/destination-camargue.fr\/en\/wp-json\/wp\/v2\/media?parent=259213"}],"wp:term":[{"taxonomy":"label","embeddable":true,"href":"https:\/\/destination-camargue.fr\/en\/wp-json\/wp\/v2\/label?post=259213"},{"taxonomy":"type_poi","embeddable":true,"href":"https:\/\/destination-camargue.fr\/en\/wp-json\/wp\/v2\/type_poi?post=259213"},{"taxonomy":"ville","embeddable":true,"href":"https:\/\/destination-camargue.fr\/en\/wp-json\/wp\/v2\/ville?post=259213"}],"curies":[{"name":"wp","href":"https:\/\/api.w.org\/{rel}","templated":true}]}}

<p>Les ouragans, ces vents puissants et fascinants, naissent dans des conditions naturelles exceptionnelles et façonnent notre planète. Pour mieux comprendre ces phénomènes, une soirée ciné-débat vous est proposée avec la projection du documentaire « Ouragan, l’Odyssée d’un Vent », suivie d’un échange avec Jacqueline Farmer, co-réalisatrice, Emmanuelle Perrin, architecte et co-fondatrice de RAW, et d’un membre de la délégation Cubaine.</p>
<p>Une immersion unique mêlant cinéma, science et réflexion sur notre lien à la nature, entre émerveillement et conscience des forces qui régissent notre environnement.</p>
<p>La presse en parle :<br />
LE FIGARO : « Ouragan se libère de tout engagement pour mieux permettre monstres et merveilles. »</p>
<p>LE MONDE : « Cette indéniable beauté est celle de la destruction même, du grand souffle de l&#8217;apocalypse. »</p>
<p>A NOUS PARIS : « Un voyage fascinant et inédit au cour de l&#8217;œil du cyclone. »</p>

<p>Une immersion unique mêlant cinéma, science et réflexion sur notre lien à la nature, entre émerveillement et conscience des forces qui régissent notre environnement.</p>

<!-- This site is optimized with the Yoast SEO plugin v26.6 - https://yoast.com/wordpress/plugins/seo/ -->
<title>Ouragan : porteur de vie ou cataclysme naturel ? - Destination Camargue</title>
<meta name="robots" content="index, follow, max-snippet:-1, max-image-preview:large, max-video-preview:-1" />
<link rel="canonical" href="https://destination-camargue.fr/en/a-voir-a-faire/agenda/ouragan-porteur-de-vie-ou-cataclysme-naturel/" />
<meta property="og:locale" content="en_US" />
<meta property="og:type" content="article" />
<meta property="og:title" content="Ouragan : porteur de vie ou cataclysme naturel ? - Destination Camargue" />
<meta property="og:description" content="Une immersion unique mêlant cinéma, science et réflexion sur notre lien à la nature, entre émerveillement et conscience des forces qui régissent notre environnement." />
<meta property="og:url" content="https://destination-camargue.fr/en/a-voir-a-faire/agenda/ouragan-porteur-de-vie-ou-cataclysme-naturel/" />
<meta property="og:site_name" content="Destination Camargue" />
<meta name="twitter:card" content="summary_large_image" />
<meta name="twitter:label1" content="Est. reading time" />
	<meta name="twitter:data1" content="1 minute" />
<script type="application/ld+json" class="yoast-schema-graph">{"@context":"https://schema.org","@graph":[{"@type":"WebPage","@id":"https://destination-camargue.fr/en/a-voir-a-faire/agenda/ouragan-porteur-de-vie-ou-cataclysme-naturel/","url":"https://destination-camargue.fr/en/a-voir-a-faire/agenda/ouragan-porteur-de-vie-ou-cataclysme-naturel/","name":"Ouragan : porteur de vie ou cataclysme naturel ? - Destination Camargue","isPartOf":{"@id":"https://destination-camargue.fr/en/#website"},"datePublished":"2026-03-25T05:13:26+00:00","breadcrumb":{"@id":"https://destination-camargue.fr/en/a-voir-a-faire/agenda/ouragan-porteur-de-vie-ou-cataclysme-naturel/#breadcrumb"},"inLanguage":"en-US","potentialAction":[{"@type":"ReadAction","target":["https://destination-camargue.fr/en/a-voir-a-faire/agenda/ouragan-porteur-de-vie-ou-cataclysme-naturel/"]}]},{"@type":"BreadcrumbList","@id":"https://destination-camargue.fr/en/a-voir-a-faire/agenda/ouragan-porteur-de-vie-ou-cataclysme-naturel/#breadcrumb","itemListElement":[{"@type":"ListItem","position":1,"name":"Home","item":"https://destination-camargue.fr/en/"},{"@type":"ListItem","position":2,"name":"Événements","item":"https://destination-camargue.fr/en/a-voir-a-faire/agenda/"},{"@type":"ListItem","position":3,"name":"Ouragan : porteur de vie ou cataclysme naturel ?"}]},{"@type":"WebSite","@id":"https://destination-camargue.fr/en/#website","url":"https://destination-camargue.fr/en/","name":"Destination Camargue","description":"La Camargue, naturellement humaine","potentialAction":[{"@type":"SearchAction","target":{"@type":"EntryPoint","urlTemplate":"https://destination-camargue.fr/en/?s={search_term_string}"},"query-input":{"@type":"PropertyValueSpecification","valueRequired":true,"valueName":"search_term_string"}}],"inLanguage":"en-US"}]}</script>
<!-- / Yoast SEO plugin. -->

Une immersion unique mêlant cinéma, science et réflexion sur notre lien à la nature, entre émerveillement et conscience des forces qui régissent notre environnement.

Événements
