{"id":259156,"date":"2026-03-24T05:10:42","date_gmt":"2026-03-24T05:10:42","guid":{"rendered":"https:\/\/destination-camargue.fr\/a-voir-a-faire\/agenda\/festival-de-la-camargue-soiree-officielle-douverture-en-musique\/"},"modified":"2026-03-24T05:10:42","modified_gmt":"2026-03-24T05:10:42","slug":"festival-de-la-camargue-soiree-officielle-douverture-en-musique","status":"publish","type":"evenement","link":"https:\/\/destination-camargue.fr\/en\/a-voir-a-faire\/agenda\/festival-de-la-camargue-soiree-officielle-douverture-en-musique\/","title":{"rendered":"Festival de la Camargue &#8211; Soir\u00e9e officielle d&#8217;ouverture en musique"},"content":{"rendered":"<p>Inauguration en musique et d\u00e9couverte du Village de l\u2019Oiseau, suivie du vernissage des expositions au son des percussions cubaines. La soir\u00e9e se poursuivra avec le concert de Ruben Paz, pour une immersion totale dans les rythmes et les sonorit\u00e9s de Cuba, entre \u00e9nergie, chaleur et convivialit\u00e9.<\/p>\n<p>Venez \u00e9couter, danser et partager un moment festif avec l\u2019ensemble des partenaires du Festival pour lancer cette 18\u00e8me \u00e9dition !<\/p>\n<p>\u25ba 18h en pr\u00e9ambule : Au bord de l\u2019eau, dansons !<\/p>\n<p>Depuis le quai de la lib\u00e9ration, les \u00e9l\u00e8ves du Conservatoire M\u00e9tropolitain vous propose une promenade chor\u00e9graphique et musicale mise en sc\u00e8ne par Marguerite Salvy.<\/p>\n","protected":false},"excerpt":{"rendered":"<p>Inauguration en musique et d\u00e9couverte du Village de l\u2019Oiseau, suivie du vernissage des expositions au son des percussions cubaines.<\/p>\n","protected":false},"featured_media":0,"template":"","label":[],"type_poi":[],"ville":[],"class_list":["post-259156","evenement","type-evenement","status-publish","hentry"],"acf":[],"yoast_head":"<!-- This site is optimized with the Yoast SEO plugin v26.6 - https:\/\/yoast.com\/wordpress\/plugins\/seo\/ -->\n<title>Festival de la Camargue - Soir\u00e9e officielle d&#039;ouverture en musique - Destination Camargue<\/title>\n<meta name=\"robots\" content=\"index, follow, max-snippet:-1, max-image-preview:large, max-video-preview:-1\" \/>\n<link rel=\"canonical\" href=\"https:\/\/destination-camargue.fr\/en\/a-voir-a-faire\/agenda\/festival-de-la-camargue-soiree-officielle-douverture-en-musique\/\" \/>\n<meta property=\"og:locale\" content=\"en_US\" \/>\n<meta property=\"og:type\" content=\"article\" \/>\n<meta property=\"og:title\" content=\"Festival de la Camargue - Soir\u00e9e officielle d&#039;ouverture en musique - Destination Camargue\" \/>\n<meta property=\"og:description\" content=\"Inauguration en musique et d\u00e9couverte du Village de l\u2019Oiseau, suivie du vernissage des expositions au son des percussions cubaines.\" \/>\n<meta property=\"og:url\" content=\"https:\/\/destination-camargue.fr\/en\/a-voir-a-faire\/agenda\/festival-de-la-camargue-soiree-officielle-douverture-en-musique\/\" \/>\n<meta property=\"og:site_name\" content=\"Destination Camargue\" \/>\n<meta name=\"twitter:card\" content=\"summary_large_image\" \/>\n<meta name=\"twitter:label1\" content=\"Est. reading time\" \/>\n\t<meta name=\"twitter:data1\" content=\"1 minute\" \/>\n<script type=\"application\/ld+json\" class=\"yoast-schema-graph\">{\"@context\":\"https:\/\/schema.org\",\"@graph\":[{\"@type\":\"WebPage\",\"@id\":\"https:\/\/destination-camargue.fr\/en\/a-voir-a-faire\/agenda\/festival-de-la-camargue-soiree-officielle-douverture-en-musique\/\",\"url\":\"https:\/\/destination-camargue.fr\/en\/a-voir-a-faire\/agenda\/festival-de-la-camargue-soiree-officielle-douverture-en-musique\/\",\"name\":\"Festival de la Camargue - Soir\u00e9e officielle d'ouverture en musique - Destination Camargue\",\"isPartOf\":{\"@id\":\"https:\/\/destination-camargue.fr\/en\/#website\"},\"datePublished\":\"2026-03-24T05:10:42+00:00\",\"breadcrumb\":{\"@id\":\"https:\/\/destination-camargue.fr\/en\/a-voir-a-faire\/agenda\/festival-de-la-camargue-soiree-officielle-douverture-en-musique\/#breadcrumb\"},\"inLanguage\":\"en-US\",\"potentialAction\":[{\"@type\":\"ReadAction\",\"target\":[\"https:\/\/destination-camargue.fr\/en\/a-voir-a-faire\/agenda\/festival-de-la-camargue-soiree-officielle-douverture-en-musique\/\"]}]},{\"@type\":\"BreadcrumbList\",\"@id\":\"https:\/\/destination-camargue.fr\/en\/a-voir-a-faire\/agenda\/festival-de-la-camargue-soiree-officielle-douverture-en-musique\/#breadcrumb\",\"itemListElement\":[{\"@type\":\"ListItem\",\"position\":1,\"name\":\"Home\",\"item\":\"https:\/\/destination-camargue.fr\/en\/\"},{\"@type\":\"ListItem\",\"position\":2,\"name\":\"\u00c9v\u00e9nements\",\"item\":\"https:\/\/destination-camargue.fr\/en\/a-voir-a-faire\/agenda\/\"},{\"@type\":\"ListItem\",\"position\":3,\"name\":\"Festival de la Camargue &#8211; Soir\u00e9e officielle d&rsquo;ouverture en musique\"}]},{\"@type\":\"WebSite\",\"@id\":\"https:\/\/destination-camargue.fr\/en\/#website\",\"url\":\"https:\/\/destination-camargue.fr\/en\/\",\"name\":\"Destination Camargue\",\"description\":\"La Camargue, naturellement humaine\",\"potentialAction\":[{\"@type\":\"SearchAction\",\"target\":{\"@type\":\"EntryPoint\",\"urlTemplate\":\"https:\/\/destination-camargue.fr\/en\/?s={search_term_string}\"},\"query-input\":{\"@type\":\"PropertyValueSpecification\",\"valueRequired\":true,\"valueName\":\"search_term_string\"}}],\"inLanguage\":\"en-US\"}]}<\/script>\n<!-- \/ Yoast SEO plugin. -->","yoast_head_json":{"title":"Festival de la Camargue - Soir\u00e9e officielle d'ouverture en musique - Destination Camargue","robots":{"index":"index","follow":"follow","max-snippet":"max-snippet:-1","max-image-preview":"max-image-preview:large","max-video-preview":"max-video-preview:-1"},"canonical":"https:\/\/destination-camargue.fr\/en\/a-voir-a-faire\/agenda\/festival-de-la-camargue-soiree-officielle-douverture-en-musique\/","og_locale":"en_US","og_type":"article","og_title":"Festival de la Camargue - Soir\u00e9e officielle d'ouverture en musique - Destination Camargue","og_description":"Inauguration en musique et d\u00e9couverte du Village de l\u2019Oiseau, suivie du vernissage des expositions au son des percussions cubaines.","og_url":"https:\/\/destination-camargue.fr\/en\/a-voir-a-faire\/agenda\/festival-de-la-camargue-soiree-officielle-douverture-en-musique\/","og_site_name":"Destination Camargue","twitter_card":"summary_large_image","twitter_misc":{"Est. reading time":"1 minute"},"schema":{"@context":"https:\/\/schema.org","@graph":[{"@type":"WebPage","@id":"https:\/\/destination-camargue.fr\/en\/a-voir-a-faire\/agenda\/festival-de-la-camargue-soiree-officielle-douverture-en-musique\/","url":"https:\/\/destination-camargue.fr\/en\/a-voir-a-faire\/agenda\/festival-de-la-camargue-soiree-officielle-douverture-en-musique\/","name":"Festival de la Camargue - Soir\u00e9e officielle d'ouverture en musique - Destination Camargue","isPartOf":{"@id":"https:\/\/destination-camargue.fr\/en\/#website"},"datePublished":"2026-03-24T05:10:42+00:00","breadcrumb":{"@id":"https:\/\/destination-camargue.fr\/en\/a-voir-a-faire\/agenda\/festival-de-la-camargue-soiree-officielle-douverture-en-musique\/#breadcrumb"},"inLanguage":"en-US","potentialAction":[{"@type":"ReadAction","target":["https:\/\/destination-camargue.fr\/en\/a-voir-a-faire\/agenda\/festival-de-la-camargue-soiree-officielle-douverture-en-musique\/"]}]},{"@type":"BreadcrumbList","@id":"https:\/\/destination-camargue.fr\/en\/a-voir-a-faire\/agenda\/festival-de-la-camargue-soiree-officielle-douverture-en-musique\/#breadcrumb","itemListElement":[{"@type":"ListItem","position":1,"name":"Home","item":"https:\/\/destination-camargue.fr\/en\/"},{"@type":"ListItem","position":2,"name":"\u00c9v\u00e9nements","item":"https:\/\/destination-camargue.fr\/en\/a-voir-a-faire\/agenda\/"},{"@type":"ListItem","position":3,"name":"Festival de la Camargue &#8211; Soir\u00e9e officielle d&rsquo;ouverture en musique"}]},{"@type":"WebSite","@id":"https:\/\/destination-camargue.fr\/en\/#website","url":"https:\/\/destination-camargue.fr\/en\/","name":"Destination Camargue","description":"La Camargue, naturellement humaine","potentialAction":[{"@type":"SearchAction","target":{"@type":"EntryPoint","urlTemplate":"https:\/\/destination-camargue.fr\/en\/?s={search_term_string}"},"query-input":{"@type":"PropertyValueSpecification","valueRequired":true,"valueName":"search_term_string"}}],"inLanguage":"en-US"}]}},"_links":{"self":[{"href":"https:\/\/destination-camargue.fr\/en\/wp-json\/wp\/v2\/evenement\/259156","targetHints":{"allow":["GET"]}}],"collection":[{"href":"https:\/\/destination-camargue.fr\/en\/wp-json\/wp\/v2\/evenement"}],"about":[{"href":"https:\/\/destination-camargue.fr\/en\/wp-json\/wp\/v2\/types\/evenement"}],"wp:attachment":[{"href":"https:\/\/destination-camargue.fr\/en\/wp-json\/wp\/v2\/media?parent=259156"}],"wp:term":[{"taxonomy":"label","embeddable":true,"href":"https:\/\/destination-camargue.fr\/en\/wp-json\/wp\/v2\/label?post=259156"},{"taxonomy":"type_poi","embeddable":true,"href":"https:\/\/destination-camargue.fr\/en\/wp-json\/wp\/v2\/type_poi?post=259156"},{"taxonomy":"ville","embeddable":true,"href":"https:\/\/destination-camargue.fr\/en\/wp-json\/wp\/v2\/ville?post=259156"}],"curies":[{"name":"wp","href":"https:\/\/api.w.org\/{rel}","templated":true}]}}

Festival de la Camargue &#8211; Soirée officielle d&#8217;ouverture en musique

<p>Inauguration en musique et découverte du Village de l’Oiseau, suivie du vernissage des expositions au son des percussions cubaines. La soirée se poursuivra avec le concert de Ruben Paz, pour une immersion totale dans les rythmes et les sonorités de Cuba, entre énergie, chaleur et convivialité.</p>
<p>Venez écouter, danser et partager un moment festif avec l’ensemble des partenaires du Festival pour lancer cette 18ème édition !</p>
<p>► 18h en préambule : Au bord de l’eau, dansons !</p>
<p>Depuis le quai de la libération, les élèves du Conservatoire Métropolitain vous propose une promenade chorégraphique et musicale mise en scène par Marguerite Salvy.</p>

<p>Inauguration en musique et découverte du Village de l’Oiseau, suivie du vernissage des expositions au son des percussions cubaines.</p>

<!-- This site is optimized with the Yoast SEO plugin v26.6 - https://yoast.com/wordpress/plugins/seo/ -->
<title>Festival de la Camargue - Soirée officielle d&#039;ouverture en musique - Destination Camargue</title>
<meta name="robots" content="index, follow, max-snippet:-1, max-image-preview:large, max-video-preview:-1" />
<link rel="canonical" href="https://destination-camargue.fr/en/a-voir-a-faire/agenda/festival-de-la-camargue-soiree-officielle-douverture-en-musique/" />
<meta property="og:locale" content="en_US" />
<meta property="og:type" content="article" />
<meta property="og:title" content="Festival de la Camargue - Soirée officielle d&#039;ouverture en musique - Destination Camargue" />
<meta property="og:description" content="Inauguration en musique et découverte du Village de l’Oiseau, suivie du vernissage des expositions au son des percussions cubaines." />
<meta property="og:url" content="https://destination-camargue.fr/en/a-voir-a-faire/agenda/festival-de-la-camargue-soiree-officielle-douverture-en-musique/" />
<meta property="og:site_name" content="Destination Camargue" />
<meta name="twitter:card" content="summary_large_image" />
<meta name="twitter:label1" content="Est. reading time" />
	<meta name="twitter:data1" content="1 minute" />
<script type="application/ld+json" class="yoast-schema-graph">{"@context":"https://schema.org","@graph":[{"@type":"WebPage","@id":"https://destination-camargue.fr/en/a-voir-a-faire/agenda/festival-de-la-camargue-soiree-officielle-douverture-en-musique/","url":"https://destination-camargue.fr/en/a-voir-a-faire/agenda/festival-de-la-camargue-soiree-officielle-douverture-en-musique/","name":"Festival de la Camargue - Soirée officielle d'ouverture en musique - Destination Camargue","isPartOf":{"@id":"https://destination-camargue.fr/en/#website"},"datePublished":"2026-03-24T05:10:42+00:00","breadcrumb":{"@id":"https://destination-camargue.fr/en/a-voir-a-faire/agenda/festival-de-la-camargue-soiree-officielle-douverture-en-musique/#breadcrumb"},"inLanguage":"en-US","potentialAction":[{"@type":"ReadAction","target":["https://destination-camargue.fr/en/a-voir-a-faire/agenda/festival-de-la-camargue-soiree-officielle-douverture-en-musique/"]}]},{"@type":"BreadcrumbList","@id":"https://destination-camargue.fr/en/a-voir-a-faire/agenda/festival-de-la-camargue-soiree-officielle-douverture-en-musique/#breadcrumb","itemListElement":[{"@type":"ListItem","position":1,"name":"Home","item":"https://destination-camargue.fr/en/"},{"@type":"ListItem","position":2,"name":"Événements","item":"https://destination-camargue.fr/en/a-voir-a-faire/agenda/"},{"@type":"ListItem","position":3,"name":"Festival de la Camargue &#8211; Soirée officielle d&rsquo;ouverture en musique"}]},{"@type":"WebSite","@id":"https://destination-camargue.fr/en/#website","url":"https://destination-camargue.fr/en/","name":"Destination Camargue","description":"La Camargue, naturellement humaine","potentialAction":[{"@type":"SearchAction","target":{"@type":"EntryPoint","urlTemplate":"https://destination-camargue.fr/en/?s={search_term_string}"},"query-input":{"@type":"PropertyValueSpecification","valueRequired":true,"valueName":"search_term_string"}}],"inLanguage":"en-US"}]}</script>
<!-- / Yoast SEO plugin. -->

Festival de la Camargue - Soirée officielle d'ouverture en musique - Destination Camargue

Inauguration en musique et découverte du Village de l’Oiseau, suivie du vernissage des expositions au son des percussions cubaines.

Événements

Festival de la Camargue &#8211; Soirée officielle d&rsquo;ouverture en musique
