{"id":259115,"date":"2026-03-20T05:09:15","date_gmt":"2026-03-20T05:09:15","guid":{"rendered":"https:\/\/destination-camargue.fr\/a-voir-a-faire\/agenda\/exposition-sigurdur-arni-sigurdsson-corrections\/"},"modified":"2026-03-20T05:09:15","modified_gmt":"2026-03-20T05:09:15","slug":"exposition-sigurdur-arni-sigurdsson-corrections","status":"publish","type":"evenement","link":"https:\/\/destination-camargue.fr\/en\/a-voir-a-faire\/agenda\/exposition-sigurdur-arni-sigurdsson-corrections\/","title":{"rendered":"Exposition Sigur\u00f0ur \u00c1rni Sigur\u00f0sson &#8211; Corrections"},"content":{"rendered":"<p>The exhibition features drawings from the &#8220;Corrections&#8221; series, which explores the artist&#8217;s passion for postcards and photos found at flea markets and second-hand shops during his travels abroad, mainly in France. Sigur\u00f0ur \u00c1rni Sigur\u00f0sson&#8217;s &#8220;Corrections&#8221; exhibition features over 200 drawings. The artist corrects photos and postcards to release his creative energy, a method he compares to Andr\u00e9 Breton&#8217;s automatic writing. The subject matter of &#8220;Corrections&#8221; is linked to the French cultural context, with images of newlyweds, Corsican types and transformed landscapes. Sigur\u00f0ur \u00c1rni frees photography from its limitations by extending it into drawing, erasing temporal and conceptual boundaries. The viewer is invited to question what belongs to the original image and what has been added, creating a new relationship where space and time fade away.<\/p>\n","protected":false},"excerpt":{"rendered":"<p>Manon Pieyre de Mandiargues, in collaboration with Galerie Aline Vidal, welcomes Sigur\u00f0ur \u00c1rni Sigur\u00f0sson for the &#8220;Corrections&#8221; exhibition at the fourth edition of the Festival du Dessin.<\/p>\n","protected":false},"featured_media":0,"template":"","label":[],"type_poi":[],"ville":[16],"class_list":["post-259115","evenement","type-evenement","status-publish","hentry","ville-arles"],"acf":[],"yoast_head":"<!-- This site is optimized with the Yoast SEO plugin v26.6 - https:\/\/yoast.com\/wordpress\/plugins\/seo\/ -->\n<title>Exposition Sigur\u00f0ur \u00c1rni Sigur\u00f0sson - Corrections - Destination Camargue<\/title>\n<meta name=\"robots\" content=\"index, follow, max-snippet:-1, max-image-preview:large, max-video-preview:-1\" \/>\n<link rel=\"canonical\" href=\"https:\/\/destination-camargue.fr\/en\/a-voir-a-faire\/agenda\/exposition-sigurdur-arni-sigurdsson-corrections\/\" \/>\n<meta property=\"og:locale\" content=\"en_US\" \/>\n<meta property=\"og:type\" content=\"article\" \/>\n<meta property=\"og:title\" content=\"Exposition Sigur\u00f0ur \u00c1rni Sigur\u00f0sson - Corrections - Destination Camargue\" \/>\n<meta property=\"og:description\" content=\"Manon Pieyre de Mandiargues, in collaboration with Galerie Aline Vidal, welcomes Sigur\u00f0ur \u00c1rni Sigur\u00f0sson for the &quot;Corrections&quot; exhibition at the fourth edition of the Festival du Dessin.\" \/>\n<meta property=\"og:url\" content=\"https:\/\/destination-camargue.fr\/en\/a-voir-a-faire\/agenda\/exposition-sigurdur-arni-sigurdsson-corrections\/\" \/>\n<meta property=\"og:site_name\" content=\"Destination Camargue\" \/>\n<meta name=\"twitter:card\" content=\"summary_large_image\" \/>\n<meta name=\"twitter:label1\" content=\"Est. reading time\" \/>\n\t<meta name=\"twitter:data1\" content=\"1 minute\" \/>\n<script type=\"application\/ld+json\" class=\"yoast-schema-graph\">{\"@context\":\"https:\/\/schema.org\",\"@graph\":[{\"@type\":\"WebPage\",\"@id\":\"https:\/\/destination-camargue.fr\/en\/a-voir-a-faire\/agenda\/exposition-sigurdur-arni-sigurdsson-corrections\/\",\"url\":\"https:\/\/destination-camargue.fr\/en\/a-voir-a-faire\/agenda\/exposition-sigurdur-arni-sigurdsson-corrections\/\",\"name\":\"Exposition Sigur\u00f0ur \u00c1rni Sigur\u00f0sson - Corrections - Destination Camargue\",\"isPartOf\":{\"@id\":\"https:\/\/destination-camargue.fr\/en\/#website\"},\"datePublished\":\"2026-03-20T05:09:15+00:00\",\"breadcrumb\":{\"@id\":\"https:\/\/destination-camargue.fr\/en\/a-voir-a-faire\/agenda\/exposition-sigurdur-arni-sigurdsson-corrections\/#breadcrumb\"},\"inLanguage\":\"en-US\",\"potentialAction\":[{\"@type\":\"ReadAction\",\"target\":[\"https:\/\/destination-camargue.fr\/en\/a-voir-a-faire\/agenda\/exposition-sigurdur-arni-sigurdsson-corrections\/\"]}]},{\"@type\":\"BreadcrumbList\",\"@id\":\"https:\/\/destination-camargue.fr\/en\/a-voir-a-faire\/agenda\/exposition-sigurdur-arni-sigurdsson-corrections\/#breadcrumb\",\"itemListElement\":[{\"@type\":\"ListItem\",\"position\":1,\"name\":\"Home\",\"item\":\"https:\/\/destination-camargue.fr\/en\/\"},{\"@type\":\"ListItem\",\"position\":2,\"name\":\"\u00c9v\u00e9nements\",\"item\":\"https:\/\/destination-camargue.fr\/en\/a-voir-a-faire\/agenda\/\"},{\"@type\":\"ListItem\",\"position\":3,\"name\":\"Exposition Sigur\u00f0ur \u00c1rni Sigur\u00f0sson &#8211; Corrections\"}]},{\"@type\":\"WebSite\",\"@id\":\"https:\/\/destination-camargue.fr\/en\/#website\",\"url\":\"https:\/\/destination-camargue.fr\/en\/\",\"name\":\"Destination Camargue\",\"description\":\"La Camargue, naturellement humaine\",\"potentialAction\":[{\"@type\":\"SearchAction\",\"target\":{\"@type\":\"EntryPoint\",\"urlTemplate\":\"https:\/\/destination-camargue.fr\/en\/?s={search_term_string}\"},\"query-input\":{\"@type\":\"PropertyValueSpecification\",\"valueRequired\":true,\"valueName\":\"search_term_string\"}}],\"inLanguage\":\"en-US\"}]}<\/script>\n<!-- \/ Yoast SEO plugin. -->","yoast_head_json":{"title":"Exposition Sigur\u00f0ur \u00c1rni Sigur\u00f0sson - Corrections - Destination Camargue","robots":{"index":"index","follow":"follow","max-snippet":"max-snippet:-1","max-image-preview":"max-image-preview:large","max-video-preview":"max-video-preview:-1"},"canonical":"https:\/\/destination-camargue.fr\/en\/a-voir-a-faire\/agenda\/exposition-sigurdur-arni-sigurdsson-corrections\/","og_locale":"en_US","og_type":"article","og_title":"Exposition Sigur\u00f0ur \u00c1rni Sigur\u00f0sson - Corrections - Destination Camargue","og_description":"Manon Pieyre de Mandiargues, in collaboration with Galerie Aline Vidal, welcomes Sigur\u00f0ur \u00c1rni Sigur\u00f0sson for the \"Corrections\" exhibition at the fourth edition of the Festival du Dessin.","og_url":"https:\/\/destination-camargue.fr\/en\/a-voir-a-faire\/agenda\/exposition-sigurdur-arni-sigurdsson-corrections\/","og_site_name":"Destination Camargue","twitter_card":"summary_large_image","twitter_misc":{"Est. reading time":"1 minute"},"schema":{"@context":"https:\/\/schema.org","@graph":[{"@type":"WebPage","@id":"https:\/\/destination-camargue.fr\/en\/a-voir-a-faire\/agenda\/exposition-sigurdur-arni-sigurdsson-corrections\/","url":"https:\/\/destination-camargue.fr\/en\/a-voir-a-faire\/agenda\/exposition-sigurdur-arni-sigurdsson-corrections\/","name":"Exposition Sigur\u00f0ur \u00c1rni Sigur\u00f0sson - Corrections - Destination Camargue","isPartOf":{"@id":"https:\/\/destination-camargue.fr\/en\/#website"},"datePublished":"2026-03-20T05:09:15+00:00","breadcrumb":{"@id":"https:\/\/destination-camargue.fr\/en\/a-voir-a-faire\/agenda\/exposition-sigurdur-arni-sigurdsson-corrections\/#breadcrumb"},"inLanguage":"en-US","potentialAction":[{"@type":"ReadAction","target":["https:\/\/destination-camargue.fr\/en\/a-voir-a-faire\/agenda\/exposition-sigurdur-arni-sigurdsson-corrections\/"]}]},{"@type":"BreadcrumbList","@id":"https:\/\/destination-camargue.fr\/en\/a-voir-a-faire\/agenda\/exposition-sigurdur-arni-sigurdsson-corrections\/#breadcrumb","itemListElement":[{"@type":"ListItem","position":1,"name":"Home","item":"https:\/\/destination-camargue.fr\/en\/"},{"@type":"ListItem","position":2,"name":"\u00c9v\u00e9nements","item":"https:\/\/destination-camargue.fr\/en\/a-voir-a-faire\/agenda\/"},{"@type":"ListItem","position":3,"name":"Exposition Sigur\u00f0ur \u00c1rni Sigur\u00f0sson &#8211; Corrections"}]},{"@type":"WebSite","@id":"https:\/\/destination-camargue.fr\/en\/#website","url":"https:\/\/destination-camargue.fr\/en\/","name":"Destination Camargue","description":"La Camargue, naturellement humaine","potentialAction":[{"@type":"SearchAction","target":{"@type":"EntryPoint","urlTemplate":"https:\/\/destination-camargue.fr\/en\/?s={search_term_string}"},"query-input":{"@type":"PropertyValueSpecification","valueRequired":true,"valueName":"search_term_string"}}],"inLanguage":"en-US"}]}},"_links":{"self":[{"href":"https:\/\/destination-camargue.fr\/en\/wp-json\/wp\/v2\/evenement\/259115","targetHints":{"allow":["GET"]}}],"collection":[{"href":"https:\/\/destination-camargue.fr\/en\/wp-json\/wp\/v2\/evenement"}],"about":[{"href":"https:\/\/destination-camargue.fr\/en\/wp-json\/wp\/v2\/types\/evenement"}],"wp:attachment":[{"href":"https:\/\/destination-camargue.fr\/en\/wp-json\/wp\/v2\/media?parent=259115"}],"wp:term":[{"taxonomy":"label","embeddable":true,"href":"https:\/\/destination-camargue.fr\/en\/wp-json\/wp\/v2\/label?post=259115"},{"taxonomy":"type_poi","embeddable":true,"href":"https:\/\/destination-camargue.fr\/en\/wp-json\/wp\/v2\/type_poi?post=259115"},{"taxonomy":"ville","embeddable":true,"href":"https:\/\/destination-camargue.fr\/en\/wp-json\/wp\/v2\/ville?post=259115"}],"curies":[{"name":"wp","href":"https:\/\/api.w.org\/{rel}","templated":true}]}}

Exposition Sigurður Árni Sigurðsson &#8211; Corrections

<p>The exhibition features drawings from the &#8220;Corrections&#8221; series, which explores the artist&#8217;s passion for postcards and photos found at flea markets and second-hand shops during his travels abroad, mainly in France. Sigurður Árni Sigurðsson&#8217;s &#8220;Corrections&#8221; exhibition features over 200 drawings. The artist corrects photos and postcards to release his creative energy, a method he compares to André Breton&#8217;s automatic writing. The subject matter of &#8220;Corrections&#8221; is linked to the French cultural context, with images of newlyweds, Corsican types and transformed landscapes. Sigurður Árni frees photography from its limitations by extending it into drawing, erasing temporal and conceptual boundaries. The viewer is invited to question what belongs to the original image and what has been added, creating a new relationship where space and time fade away.</p>

<p>Manon Pieyre de Mandiargues, in collaboration with Galerie Aline Vidal, welcomes Sigurður Árni Sigurðsson for the &#8220;Corrections&#8221; exhibition at the fourth edition of the Festival du Dessin.</p>

<!-- This site is optimized with the Yoast SEO plugin v26.6 - https://yoast.com/wordpress/plugins/seo/ -->
<title>Exposition Sigurður Árni Sigurðsson - Corrections - Destination Camargue</title>
<meta name="robots" content="index, follow, max-snippet:-1, max-image-preview:large, max-video-preview:-1" />
<link rel="canonical" href="https://destination-camargue.fr/en/a-voir-a-faire/agenda/exposition-sigurdur-arni-sigurdsson-corrections/" />
<meta property="og:locale" content="en_US" />
<meta property="og:type" content="article" />
<meta property="og:title" content="Exposition Sigurður Árni Sigurðsson - Corrections - Destination Camargue" />
<meta property="og:description" content="Manon Pieyre de Mandiargues, in collaboration with Galerie Aline Vidal, welcomes Sigurður Árni Sigurðsson for the &quot;Corrections&quot; exhibition at the fourth edition of the Festival du Dessin." />
<meta property="og:url" content="https://destination-camargue.fr/en/a-voir-a-faire/agenda/exposition-sigurdur-arni-sigurdsson-corrections/" />
<meta property="og:site_name" content="Destination Camargue" />
<meta name="twitter:card" content="summary_large_image" />
<meta name="twitter:label1" content="Est. reading time" />
	<meta name="twitter:data1" content="1 minute" />
<script type="application/ld+json" class="yoast-schema-graph">{"@context":"https://schema.org","@graph":[{"@type":"WebPage","@id":"https://destination-camargue.fr/en/a-voir-a-faire/agenda/exposition-sigurdur-arni-sigurdsson-corrections/","url":"https://destination-camargue.fr/en/a-voir-a-faire/agenda/exposition-sigurdur-arni-sigurdsson-corrections/","name":"Exposition Sigurður Árni Sigurðsson - Corrections - Destination Camargue","isPartOf":{"@id":"https://destination-camargue.fr/en/#website"},"datePublished":"2026-03-20T05:09:15+00:00","breadcrumb":{"@id":"https://destination-camargue.fr/en/a-voir-a-faire/agenda/exposition-sigurdur-arni-sigurdsson-corrections/#breadcrumb"},"inLanguage":"en-US","potentialAction":[{"@type":"ReadAction","target":["https://destination-camargue.fr/en/a-voir-a-faire/agenda/exposition-sigurdur-arni-sigurdsson-corrections/"]}]},{"@type":"BreadcrumbList","@id":"https://destination-camargue.fr/en/a-voir-a-faire/agenda/exposition-sigurdur-arni-sigurdsson-corrections/#breadcrumb","itemListElement":[{"@type":"ListItem","position":1,"name":"Home","item":"https://destination-camargue.fr/en/"},{"@type":"ListItem","position":2,"name":"Événements","item":"https://destination-camargue.fr/en/a-voir-a-faire/agenda/"},{"@type":"ListItem","position":3,"name":"Exposition Sigurður Árni Sigurðsson &#8211; Corrections"}]},{"@type":"WebSite","@id":"https://destination-camargue.fr/en/#website","url":"https://destination-camargue.fr/en/","name":"Destination Camargue","description":"La Camargue, naturellement humaine","potentialAction":[{"@type":"SearchAction","target":{"@type":"EntryPoint","urlTemplate":"https://destination-camargue.fr/en/?s={search_term_string}"},"query-input":{"@type":"PropertyValueSpecification","valueRequired":true,"valueName":"search_term_string"}}],"inLanguage":"en-US"}]}</script>
<!-- / Yoast SEO plugin. -->

Exposition Sigurður Árni Sigurðsson - Corrections - Destination Camargue

Manon Pieyre de Mandiargues, in collaboration with Galerie Aline Vidal, welcomes Sigurður Árni Sigurðsson for the "Corrections" exhibition at the fourth edition of the Festival du Dessin.

Événements
